pose 0 = b + 4*w + 14, -2*b + 1 = -w - o. What is the units digit of b?
6
Suppose 9*m - 894 = 4*m + 2*f, 3*f = -3*m + 528. What is the units digit of m?
8
Let k be 5/2 + 5/10. Suppose -k*q = 4*f - 36, -2*f + 6*f - 60 = 3*q. What is the units digit of f?
2
Suppose a - 2*a - 15 = 0. Let y = -9 - a. What is the units digit of y?
6
Let h(u) = -3 - 3*u + 7 + 0*u. What is the units digit of h(-3)?
3
Suppose -7*x - 43 = -8*x. What is the tens digit of x?
4
Let f(p) = -p**3 - 17*p**2 - p + 12. What is the units digit of f(-17)?
9
Let l = 5 - 0. Suppose 0 = -5*q + l + 5. Suppose q*u - u - 14 = -2*n, 4*n + 4*u = 28. What is the units digit of n?
7
What is the hundreds digit of 15/10 - 766*(-1)/4?
1
Let f(o) = 2*o - 22. Let a be f(0). Let u = 29 + a. What is the units digit of u?
7
Let m(o) = 3*o + 8. What is the tens digit of m(5)?
2
Suppose 4*v + 3*x = 25, -3*x - 1 = 2. Suppose v*h = 2*h + 25. What is the units digit of h?
5
What is the units digit of 12 - ((-9)/12 - 1/4)?
3
Let z(i) = i**3 + 7*i**2 + 7*i + 9. Let c be z(-6). Suppose 2*v = -3*t + 19, -5*t - c*v = -t - 27. What is the units digit of t?
3
Suppose -3*q + 10 = 2*q. Suppose -2*x = -34 - q. What is the units digit of x?
8
Suppose 5*i - 456 = -2*f - 107, 3*f = -4*i + 282. What is the units digit of i?
9
What is the units digit of 23*3/9 + (-4)/6?
7
Let u = 112 + -105. What is the units digit of u?
7
Let y(d) = -4*d + 12. What is the units digit of y(0)?
2
Suppose 11 = 4*i + 51. Let x = i - -18. What is the units digit of x?
8
What is the units digit of 0 - (-3 - 1) - -61?
5
Let k be 0/(-2) + (-32)/(-2). Let u = 1 - -2. Suppose j = -u*j + k. What is the units digit of j?
4
Let a = 7 - -31. What is the tens digit of a?
3
Suppose -32 - 52 = -2*b. What is the units digit of b?
2
Suppose -337 = -5*h - 87. Suppose 18 = 4*o - h. What is the units digit of o?
7
Let b(z) = z + 10. Let u be b(-8). Let a be (u - (-6)/(-3))*-1. Let t(i) = -i**2 + i + 5. What is the units digit of t(a)?
5
What is the hundreds digit of -6 - (-85)/15 - 508/(-3)?
1
Let f(o) be the second derivative of o**5/20 - 5*o**4/6 + 5*o**3/3 - 4*o**2 - 3*o. What is the units digit of f(9)?
1
Let u = -15 - -11. Let p be (-4)/3*6/2. What is the units digit of (u/6)/(p/6)?
1
Let u = -32 + 53. What is the units digit of u?
1
Let t(m) = -m**2 + 8*m + 1. Let k be t(8). Let w be (12/(-18))/(k/(-30)). Let v = w + -4. What is the units digit of v?
6
Suppose 24 = 4*o + 3*g, 0 = -o + 3*o + 5*g - 26. Let n be (0/(6/o))/1. What is the tens digit of 12 + 1 + -2 - n?
1
Suppose -3*k + 60 = -k. What is the tens digit of k?
3
Let g = 160 - 36. What is the hundreds digit of g?
1
Let f = 20 - 18. What is the units digit of f?
2
Let v(z) = -z**3 - 7*z**2 - 5*z + 8. Let s be v(-6). Suppose -b + 22 = s*p + 5, -b = -5*p + 39. What is the units digit of p?
8
Let p(z) = -8*z**2 - 4*z**2 - 7*z + 0*z**2 + 5*z**3 + 16. Let b(t) = 2*t**3 - 6*t**2 - 3*t + 8. Let l(c) = 7*b(c) - 3*p(c). What is the units digit of l(-6)?
8
Suppose 106 = 4*q + 3*z, 9*q - 4*q + 2*z = 129. What is the units digit of q?
5
Let a = 32 - -32. What is the tens digit of a?
6
Let d(r) = 8*r**2 - 2*r + 1. Let w(p) = -2*p + 6. Let y be w(4). What is the units digit of d(y)?
7
Let z = 3 + -5. What is the tens digit of 32/z*(3 + -4)?
1
Let h(u) = 3*u**3 - 4*u**2 + 2*u - 3. What is the tens digit of h(3)?
4
Suppose -k + 31 = 27. What is the units digit of k?
4
Let d = 6 + -7. What is the units digit of (-3 + 0)*(d - 0)?
3
Suppose -4*t - 180 = -5*i + t, 4*t = 0. What is the tens digit of i?
3
Let o = 1 - 0. Let x = -1 - o. What is the units digit of 1/((-2)/(x - 0))?
1
Suppose 6 = -f + 4*o + 2, 58 = 3*f + 2*o. Let i = 29 - f. What is the tens digit of i?
1
Let l be -1 - (2 - (13 + 0)). Let g = -25 - -28. What is the units digit of (-36)/(-15)*l/g?
8
Let j(w) = 7*w - 3. Let i(m) = m - 1. Let y(n) = -6*i(n) + j(n). Let s be y(-2). What is the units digit of -1 - -3 - (1 - s)?
2
Let z = 6 + 9. Suppose -u = 4*u + z. What is the units digit of (u/(-6))/(1/2)?
1
Suppose 4*f + 57 = 193. What is the tens digit of f?
3
Suppose -5 = m - 1. Let a(l) = -5*l - 6. What is the tens digit of a(m)?
1
Suppose 3*j + 9 = 0, 3*o - o + 6 = -4*j. Suppose -40 - 29 = -o*m. What is the tens digit of m?
2
Let d(t) = -19*t + 58. What is the units digit of d(-12)?
6
Let t(m) = m**3 - 8*m**2 - 8*m - 6. Let h be t(9). Let k be -2 + 0 + (6 - h). What is the units digit of -2 + (6 - k) + 3?
6
Let n be -1 - 0 - 8/(-2). Let d(r) = 2*r**2 - r - 4. What is the units digit of d(n)?
1
Suppose q = -3 + 5. What is the units digit of 2/6*24/q?
4
Let z = 59 + 12. What is the tens digit of z?
7
Suppose 19 = 5*j - 16. Suppose j = 5*q - 43. Suppose -2 = -u, -3*d - u - 2 = -q. What is the units digit of d?
2
Let s(r) = -3*r + 8. Let p(n) = -n**2 + n + 10. Let t be p(5). What is the units digit of s(t)?
8
Suppose 5*d + 0*d = 4*y - 108, -5*d = 4*y - 108. What is the tens digit of y?
2
Suppose 3*o - 12 + 3 = 0. Let l(h) = 6*h - 4. What is the units digit of l(o)?
4
What is the tens digit of ((956*-3)/(-4))/3?
3
Suppose z - 12 = -j, -2*j + 48 = 5*z - j. What is the units digit of z?
9
Let b = 10 - 7. Suppose -b*m = -m - 10. What is the units digit of m?
5
Let z = -4 + 2. Let r = 21 + z. What is the units digit of r?
9
Let a(m) = m**3 + m**2 - 3*m - 4. Let r be a(3). Let n = -20 + r. What is the units digit of n?
3
Suppose f - 77 = -10. What is the units digit of f?
7
Let i(q) = q**3 + 6*q**2 + 4*q + 5. Let z be 24/9*9/6. Suppose -11 = z*y - 3*x, x = -3*y - 10 - 8. What is the units digit of i(y)?
0
Let p(m) = -m**3 + 8*m**2 - 10*m + 8. Let x be p(6). Suppose -4*z - 2 = -3*z - 2*u, 3*z + 4*u = -26. Let l = z + x. What is the tens digit of l?
1
Let d(r) be the second derivative of -r**5/20 + r**4/2 + r**2/2 - r. Let w be d(3). Let t = -18 + w. What is the units digit of t?
0
Let s = 1320 - 905. What is the tens digit of s?
1
Let z(c) = -c**3 - 5*c**2 + 4*c - 1. What is the units digit of z(-6)?
1
Let f(s) = -5*s**3 + 2*s**2 + 12*s + 3. Let u(v) = -4*v**3 + 3*v**2 + 11*v + 2. Let g(w) = -3*f(w) + 4*u(w). What is the units digit of g(7)?
6
Let h = 1 + 1. Suppose h*m + 3*b - 18 = 13, 3*m - 84 = 3*b. What is the tens digit of m?
2
Let n(z) = 2*z**2 - 3*z - 8. What is the tens digit of n(5)?
2
What is the tens digit of (4 - 3)/((-6)/(-102))?
1
Let q = -44 - -81. Let t = q - 24. What is the tens digit of t?
1
Suppose 0 = 15*y - 14*y - 258. What is the units digit of y?
8
Suppose 2*s = s + 97. What is the tens digit of s?
9
Let y(i) = 13*i**2 - i + 2. Let d be y(1). Suppose -5*v = -3*v - d. What is the units digit of v?
7
Let u = 14 + -14. Suppose 0 = 3*s - 21 - 39. Suppose 4*i - s = -u. What is the units digit of i?
5
Let n = 0 + 4. Suppose 2*z = -4, z + 86 = n*g - 2*z. What is the units digit of (2/(-5))/((-4)/g)?
2
Let g = 8 + -4. Suppose -a = -1, -3*x = -7*x + g*a + 16. What is the units digit of x?
5
Let c = 41 - 24. What is the tens digit of c?
1
Let p = -1 + 3. Let w be (p - 12) + (2 - 3). Let s = -6 - w. What is the units digit of s?
5
What is the units digit of 0 - 1149/(-12) - 2/(-8)?
6
What is the units digit of 705/10 - 1/2?
0
Let t(z) = 11*z + 1. Let h be t(3). Let u = h + -24. What is the units digit of u?
0
Let s(x) = x + 2. Let b be s(-2). Suppose v = 2*q - 2*v - 16, -2*v = 4*q. Suppose b = -n - q*n + 63. What is the units digit of n?
1
Let w(t) be the second derivative of t**4/12 + 2*t**3/3 - t**2/2 + 2*t. Suppose b + 4 = -1. What is the units digit of w(b)?
4
Let o be ((-10)/25)/((-2)/10). Suppose -3*k + 44 = 2*h, -o*h + 78 = 5*k - h. What is the tens digit of k?
1
Suppose -6*b + 10 = -b. Let p(o) = 2*o**3 - 3*o**3 - 5*o**b + 10*o**2 - 3*o + 2*o**3. What is the units digit of p(-5)?
5
Let p = 12 - -18. What is the tens digit of p?
3
Let o be 16/10 - (-2)/5. Suppose -5*s = 6 - 26. Suppose -o*r = 5*i - s*r - 1, 4 = 2*i + r. What is the units digit of i?
1
Let p(l) = -5*l + 1 - 2*l**2 - 3*l**2 + 4*l**2. Let g be p(-5). Suppose 4*y + g = 29. What is the units digit of y?
7
Suppose -14 + 109 = -5*y. Let k = y - -38. What is the tens digit of k?
1
Let a(n) = 36*n**2 + 1. Let i(x) = -2*x**3 - 1. Let q be i(-1). Let u be a(q). Suppose -32 = -4*s - 2*j, u = 5*s - 2*j + 3*j. What is the units digit of s?
7
Let d be (2/(-4))/((-5)/20). Let u(z) = 